 of 382008079?
382008079
What are the prime factors of 9517507?
127, 74941
What are the prime factors of 6357946939?
53, 79, 1518497
What are the prime factors of 36369983?
13, 307, 701
List the prime factors of 883067686.
2, 17, 1511, 17189
What are the prime factors of 2310342?
2, 3, 385057
List the prime factors of 1025829177.
3, 389, 879031
What are the prime factors of 8032780148?
2, 2008195037
What are the prime factors of 195344624?
2, 19, 642581
List the prime factors of 5637695.
5, 7, 23011
What are the prime factors of 24945233?
19, 1312907
List the prime factors of 1161399927.
3, 23, 731821
What are the prime factors of 3112820?
2, 5, 23, 67, 101
List the prime factors of 141876279.
3, 583853
What are the prime factors of 21966986?
2, 10983493
List the prime factors of 217675861.
13, 331, 50587
What are the prime factors of 74105450?
2, 5, 37, 41, 977
What are the prime factors of 169904557?
169904557
What are the prime factors of 21256063?
2909, 7307
What are the prime factors of 43214584?
2, 7, 659, 1171
List the prime factors of 45750901.
7, 59, 110777
What are the prime factors of 28050617?
7, 127, 139, 227
List the prime factors of 47726676.
2, 3, 241, 5501
What are the prime factors of 497995011?
3, 23, 2405773
List the prime factors of 6187372.
2, 1069, 1447
List the prime factors of 32532096.
2, 3, 84719
What are the prime factors of 2013162852?
2, 3, 127, 1320973
What are the prime factors of 90756736?
2, 7, 199, 509
List the prime factors of 1629960706.
2, 11, 79, 409, 2293
List the prime factors of 22235450.
2, 5, 401, 1109
List the prime factors of 8571574860.
2, 3, 5, 9719, 14699
List the prime factors of 2013705034.
2, 11, 2879, 31793
List the prime factors of 41926859.
13, 3225143
What are the prime factors of 989669014?
2, 494834507
What are the prime factors of 24879192?
2, 3, 13, 23, 3467
What are the prime factors of 82570272?
2, 3, 860107
What are the prime factors of 3925977?
3, 11, 271, 439
List the prime factors of 279498208.
2, 11, 19, 23, 79
What are the prime factors of 7128551162?
2, 67, 1871, 28433
List the prime factors of 21020369.
21020369
List the prime factors of 549185465.
5, 43, 127, 20113
What are the prime factors of 37887739?
23, 53, 31081
What are the prime factors of 49128902?
2, 24564451
What are the prime factors of 668734515?
3, 5, 1951, 2539
List the prime factors of 2573078.
2, 41, 31379
List the prime factors of 64051607.
64051607
List the prime factors of 1968351084.
2, 3, 7, 2603639
What are the prime factors of 1859507213?
67, 293, 94723
What are the prime factors of 343725714?
2, 3, 41, 155251
What are the prime factors of 315712078?
2, 11, 14350549
What are the prime factors of 9008155357?
79, 97, 101, 103, 113
What are the prime factors of 136150236?
2, 3, 3781951
What are the prime factors of 457966076?
2, 1031, 111049
What are the prime factors of 233124246?
2, 3, 719, 18013
List the prime factors of 36443393.
7, 17, 306247
List the prime factors of 126455407.
13, 2357, 4127
What are the prime factors of 1451569735?
5, 7, 11, 17, 131, 1693
List the prime factors of 81093813.
3, 27031271
What are the prime factors of 1485281562?
2, 3, 6691, 36997
What are the prime factors of 469227753?
3, 52136417
What are the prime factors of 31852900?
2, 5, 17, 41, 457
What are the prime factors of 42488266?
2, 509, 41737
List the prime factors of 962304211.
11, 109, 802589
What are the prime factors of 1145217001?
19, 6689, 9011
What are the prime factors of 1635378896?
2, 167, 612043
List the prime factors of 2633740000.
2, 5, 131687
What are the prime factors of 7413901644?
2, 3, 419, 1474523
What are the prime factors of 1169358765?
3, 5, 97, 157, 5119
What are the prime factors of 331557245?
5, 31, 101, 21179
List the prime factors of 3723012906.
2, 3, 157, 3952243
What are the prime factors of 764330957?
13, 683, 86083
What are the prime factors of 44523895?
5, 13, 52691
List the prime factors of 806787647.
61, 13226027
What are the prime factors of 2006507?
2006507
What are the prime factors of 236828267?
13, 283, 64373
What are the prime factors of 2197404201?
3, 59, 563, 22051
List the prime factors of 1260527260.
2, 5, 19, 3317177
What are the prime factors of 78627319?
757, 103867
List the prime factors of 187780543.
187780543
List the prime factors of 374882813.
73, 5135381
What are the prime factors of 795186464?
2, 24849577
List the prime factors of 1350904288.
2, 42215759
What are the prime factors of 624634658?
2, 312317329
What are the prime factors of 616117977?
3, 68457553
What are the prime factors of 128937170?
2, 5, 12893717
List the prime factors of 87496533.
3, 9721837
What are the prime factors of 490243619?
5501, 89119
List the prime factors of 87855564.
2, 3, 2543, 2879
What are the prime factors of 451309692?
2, 3, 313, 120157
What are the prime factors of 808518370?
2, 5, 11, 691, 967
What are the prime factors of 295879200?
2, 3, 5, 113, 1091
List the prime factors of 37012920.
2, 3, 5, 7, 139, 317
List the prime factors of 5034790855.
5, 61, 16507511
What are the prime factors of 112214756?
2, 17, 47, 35111
List the prime factors of 345655368.
2, 3, 107, 44867
List the prime factors of 526770244.
2, 7, 11, 13, 131561
What are the prime factors of 111106797?
3, 43, 861293
List the prime factors of 3178867302.
2, 3, 13, 4528301
What are the prime factors of 94667592?
2, 3, 3944483
What are the prime factors of 78268638?
2, 3, 7, 19, 98081
What are the prime factors of 969003465?
3, 5, 47, 1374473
List the prime factors of 664032643.
1013, 655511
List the prime factors of 1600322829.
3, 7, 17, 79, 179, 317
List the prime factors of 573461884.
2, 17, 8433263
List the prime factors of 2394913994.
2, 11, 89, 269, 4547
What are the prime factors of 1763853685?
5, 11, 5483, 5849
List the prime factors of 724100362.
2, 29, 251, 49739
What are the prime factors of 254117390?
2, 5, 1553, 16363
What are the prime factors of 1384364087?
1289, 1073983
What are the prime factors of 61688365?
5, 29, 467, 911
What are the prime factors of 43009331?
19, 43, 61, 863
What are the prime factors of 12746641?
2837, 4493
List the prime factors of 196859933.
197, 331, 3019
What are the prime factors of 7425104177?
7425104177
List the prime factors of 1093528705.
5, 218705741
What are the prime factors of 65642085?
3, 5, 1458713
List the prime factors of 4407671498.
2, 17, 129637397
List the prime factors of 281472485.
5, 7, 17, 367, 1289
List the prime factors of 481553426.
2, 15493, 15541
What are the prime factors of 154119598?
2, 4789, 16091
List the prime factors of 62133293.
73, 251, 3391
List the prime factors of 47069084.
2, 11767271
List the prime factors of 1490152299.
3, 31, 107, 149749
What are the prime factors of 11196017?
7, 59, 27109
List the prime factors of 61003368.
2, 3, 47, 2003
What are the prime factors of 199725906?
2, 3, 33287651
List the prime factors of 82485133.
82485133
List the prime factors of 546156239.
546156239
List the prime factors of 977401433.
12911, 75703
List the prime factors of 61560260.
2, 5, 251, 12263
What are the prime factors of 314421834?
2, 3, 17, 3082567
List the prime factors of 444905141.
16871, 26371
What are the prime factors of 3478447409?
44819, 77611
What are the prime factors of 987838063?
19, 23, 2260499
What are the prime factors of 1742628257?
37, 113, 416797
List the prime factors of 1869082210.
2, 5, 1901, 98321
What are the prime factors of 16447634?
2, 7, 157, 1069
List the prime factors of 537436465.
5, 107487293
List the prime factors of 675657896.
2, 31, 2724427
What are the prime factors of 11199490?
2, 5, 1119949
List the prime factors of 197369032.
2, 7, 53, 66499
What are the prime factors of 114605850?
2, 3, 5, 281, 2719
What are the prime factors of 62251683?
3, 13, 997, 1601
List the prime factors of 1217108707.
19, 64058353
What are the prime factors of 134497092?
2, 3, 11208091
List the prime factors of 41606523.
3, 7, 19, 34759
List the prime factors of 738226054.
2, 17, 59, 379, 971
List the prime factors of 43011968.
2, 336031
What are the prime factors of 1322159592?
2, 3, 13, 1583, 2677
What are the prime factors of 25373743?
61, 415963
What are the prime factors of 123537485?
5, 23, 229, 4691
List the p